{"id":276,"date":"2024-03-29T20:47:51","date_gmt":"2024-03-29T19:47:51","guid":{"rendered":"https:\/\/poeles-chef-carlo.fr\/?page_id=276"},"modified":"2024-04-24T11:05:02","modified_gmt":"2024-04-24T09:05:02","slug":"politique-dutilisation-des-cookies","status":"publish","type":"page","link":"https:\/\/poeles-chef-carlo.fr\/index.php\/politique-dutilisation-des-cookies\/","title":{"rendered":"\u00a0Politique d&rsquo;utilisation des cookies"},"content":{"rendered":"<p>[et_pb_section fb_built=\u00a0\u00bb1&Prime; _builder_version=\u00a0\u00bb4.24.2&Prime; _module_preset=\u00a0\u00bbdefault\u00a0\u00bb global_colors_info=\u00a0\u00bb{}\u00a0\u00bb][et_pb_row _builder_version=\u00a0\u00bb4.24.2&Prime; _module_preset=\u00a0\u00bbdefault\u00a0\u00bb global_colors_info=\u00a0\u00bb{}\u00a0\u00bb][et_pb_column type=\u00a0\u00bb4_4&Prime; _builder_version=\u00a0\u00bb4.24.2&Prime; _module_preset=\u00a0\u00bbdefault\u00a0\u00bb global_colors_info=\u00a0\u00bb{}\u00a0\u00bb][et_pb_text _builder_version=\u00a0\u00bb4.24.2&Prime; _module_preset=\u00a0\u00bbdefault\u00a0\u00bb header_font=\u00a0\u00bb|||on|on|||#E02B20|\u00a0\u00bb header_text_align=\u00a0\u00bbcenter\u00a0\u00bb header_text_color=\u00a0\u00bb#FFFFFF\u00a0\u00bb header_font_size=\u00a0\u00bb20px\u00a0\u00bb background_color=\u00a0\u00bb#000000&Prime; custom_margin=\u00a0\u00bb||0px||false|false\u00a0\u00bb custom_padding=\u00a0\u00bb10px||0px||false|false\u00a0\u00bb border_radii=\u00a0\u00bbon|4px|4px|4px|4px\u00a0\u00bb global_colors_info=\u00a0\u00bb{}\u00a0\u00bb]<\/p>\n<h1><span>Politique d&rsquo;utilisation des cookies<\/span><\/h1>\n<p>[\/et_pb_text][\/et_pb_column][\/et_pb_row][et_pb_row _builder_version=\u00a0\u00bb4.24.2&Prime; _module_preset=\u00a0\u00bbdefault\u00a0\u00bb background_color=\u00a0\u00bbrgba(0,0,0,0.03)\u00a0\u00bb custom_padding=\u00a0\u00bb|5px||5px|false|false\u00a0\u00bb border_radii=\u00a0\u00bbon|4px|4px|4px|4px\u00a0\u00bb global_colors_info=\u00a0\u00bb{}\u00a0\u00bb][et_pb_column type=\u00a0\u00bb4_4&Prime; _builder_version=\u00a0\u00bb4.24.2&Prime; _module_preset=\u00a0\u00bbdefault\u00a0\u00bb global_colors_info=\u00a0\u00bb{}\u00a0\u00bb][et_pb_text _builder_version=\u00a0\u00bb4.24.2&Prime; _module_preset=\u00a0\u00bbdefault\u00a0\u00bb text_font=\u00a0\u00bb||||||||\u00a0\u00bb text_text_color=\u00a0\u00bb#000000&Prime; text_font_size=\u00a0\u00bb15px\u00a0\u00bb header_font=\u00a0\u00bbAbel||||||||\u00a0\u00bb header_2_font=\u00a0\u00bb|||on|||||\u00a0\u00bb global_colors_info=\u00a0\u00bb{}\u00a0\u00bb]<\/p>\n<p style=\"font-weight: 400;\"><span>L&rsquo;EI<\/span><span>\u00a0<\/span><span>SARL VICENZA<\/span><span>\u00a0<\/span>s\u2019engage \u00e0 ce que la collecte et le traitement de vos donn\u00e9es personnelles, effectu\u00e9s \u00e0 partir du site<span>\u00a0<\/span><span>www.poeles-chef-carlo.fr<\/span>\u00a0soient conformes \u00e0 la Loi Informatique et Libert\u00e9s ainsi qu\u2019au R\u00e8glement G\u00e9n\u00e9ral sur la Protection des Donn\u00e9es (RGPD).<\/p>\n<p style=\"font-weight: 400;\">Chaque formulaire pr\u00e9sent sur le site limite la collecte de vos donn\u00e9es personnelles au strict n\u00e9cessaire et indique :<\/p>\n<ul style=\"font-weight: 400;\">\n<li>l\u2019objectif et la finalit\u00e9 du recueil de ces donn\u00e9es,<\/li>\n<li>la dur\u00e9e de conservation de celles-ci (18 mois),<\/li>\n<li>la personne \u00e0 qui ces donn\u00e9es sont destin\u00e9es.<\/li>\n<\/ul>\n<h2>\u00a0Donn\u00e9es collect\u00e9es<\/h2>\n<p style=\"font-weight: 400;\"><span>L&rsquo;E ISARL VICENZA<\/span><span>\u00a0<\/span>collecte et traite des informations de type : nom, pr\u00e9nom, adresse e-mail, num\u00e9ro de t\u00e9l\u00e9phone, adresse IP, donn\u00e9es de connexions et donn\u00e9es de navigation.<\/p>\n<p style=\"font-weight: 400;\">Le caract\u00e8re obligatoire ou facultatif vous est signal\u00e9 lors de la collecte par un ast\u00e9risque. Certaines donn\u00e9es sont collect\u00e9es automatiquement du fait de vos actions sur notre site internet. Nous effectuons \u00e9galement des mesures d\u2019audience et de fr\u00e9quentation gr\u00e2ce \u00e0 Google Analytics.<\/p>\n<p style=\"font-weight: 400;\">Nous collectons les informations que vous nous fournissez notamment quand :<\/p>\n<ul style=\"font-weight: 400;\">\n<li>vous nous contactez via le formulaire de contact,<\/li>\n<li>vous naviguez sur notre site internet et consultez nos services.<\/li>\n<\/ul>\n<h2><span>La dur\u00e9e de conservation de vos donn\u00e9es<\/span><\/h2>\n<p>Les donn\u00e9es personnelles recueillies sur le site\u00a0<span class=\"valueform\"><a href=\"http:\/\/www.poeles-chef-carlo.fr\">www.poeles-chef-carlo.fr<\/a> <\/span>sont transmises et conserv\u00e9es selon des protocoles s\u00e9curis\u00e9es et ne sont pas conserv\u00e9es au-del\u00e0 de la dur\u00e9e n\u00e9cessaire au traitement de votre demande.<\/p>\n<p><span><\/span><\/p>\n<h2>La destination de vos donn\u00e9es<\/h2>\n<p>Les donn\u00e9es vous concernant sont transmises \u00e0 notre service commercial. Elles ne sont pas c\u00e9d\u00e9es \u00e0 des tiers ni utilis\u00e9es \u00e0 d&rsquo;autres fins.<\/p>\n<p>En vue d\u2019adapter le site aux demandes de ses visiteurs, nous mesurons le nombre de visites, le nombre de pages vues ainsi que l&rsquo;activit\u00e9 des visiteurs sur le site et leur fr\u00e9quence de retour.<\/p>\n<p>Nous collectons \u00e9galement votre adresse IP, afin de d\u00e9terminer la ville depuis laquelle vous vous connectez. Celle-ci est imm\u00e9diatement anonymis\u00e9e apr\u00e8s utilisation. Nous ne pouvons donc en aucun cas remonter par ce biais \u00e0 une personne physique.<\/p>\n<h2>Acc\u00e8s, rectification ou suppression de vos donn\u00e9es<\/h2>\n<p>Vous pouvez demander l\u2019acc\u00e8s \u00e0 vos informations, \u00e0 la rectification ou \u00e0 la suppression de celle-ci.<\/p>\n<p>&nbsp;<\/p>\n<p>Pour toutes informations suppl\u00e9mentaires ou demande de modification\/suppression de vos donn\u00e9es priv\u00e9es, vous pouvez contacter<span>\u00a0<\/span><span><span class=\"valueform\">l&rsquo;EI<\/span><\/span><span>\u00a0<\/span><span><span class=\"valueform\">SARL VICENZA <\/span><\/span><span>\u00a0<\/span>:<\/p>\n<p class=\"valueform1\"><span>\u00b7\u00a0\u00a0\u00a0\u00a0\u00a0\u00a0\u00a0\u00a0\u00a0<\/span><span>Mail : poeles.chef.carlo@gmail.com<\/span><\/p>\n<p>&nbsp;<\/p>\n<p class=\"valueform1\"><span>\u00b7\u00a0 \u00a0 \u00a013 RUE DE LOUCHAR 03800 CHARMES<\/span><\/p>\n<p>&nbsp;<\/p>\n<p><span><span class=\"valueform\">L&rsquo;EI<\/span><\/span><span>\u00a0<\/span><span><span class=\"valueform\">RSARL VICENZA<\/span><\/span>dispose d\u2019un d\u00e9lai de r\u00e9ponse de 2 mois suivant la date d\u2019envoi de votre demande. Pour en savoir plus sur vos droits, nous vous invitons \u00e0 consulter le site de la<span>\u00a0<\/span><a href=\"https:\/\/www.cnil.fr\/\" target=\"_blank\" rel=\"noreferrer noopener\">CNIL<\/a>.<\/p>\n<p>[\/et_pb_text][\/et_pb_column][\/et_pb_row][\/et_pb_section]<\/p>\n","protected":false},"excerpt":{"rendered":"<p>Politique d&rsquo;utilisation des cookiesL&rsquo;EI\u00a0SARL VICENZA\u00a0s\u2019engage \u00e0 ce que la collecte et le traitement de vos donn\u00e9es personnelles, effectu\u00e9s \u00e0 partir du site\u00a0www.poeles-chef-carlo.fr\u00a0soient conformes \u00e0 la Loi Informatique et Libert\u00e9s ainsi qu\u2019au R\u00e8glement G\u00e9n\u00e9ral sur la Protection des Donn\u00e9es (RGPD). Chaque formulaire pr\u00e9sent sur le site limite la collecte de vos donn\u00e9es personnelles au strict n\u00e9cessaire [&hellip;]<\/p>\n","protected":false},"author":1,"featured_media":0,"parent":0,"menu_order":0,"comment_status":"closed","ping_status":"closed","template":"","meta":{"_et_pb_use_builder":"on","_et_pb_old_content":"","_et_gb_content_width":"","footnotes":""},"class_list":["post-276","page","type-page","status-publish","hentry"],"_links":{"self":[{"href":"https:\/\/poeles-chef-carlo.fr\/index.php\/wp-json\/wp\/v2\/pages\/276","targetHints":{"allow":["GET"]}}],"collection":[{"href":"https:\/\/poeles-chef-carlo.fr\/index.php\/wp-json\/wp\/v2\/pages"}],"about":[{"href":"https:\/\/poeles-chef-carlo.fr\/index.php\/wp-json\/wp\/v2\/types\/page"}],"author":[{"embeddable":true,"href":"https:\/\/poeles-chef-carlo.fr\/index.php\/wp-json\/wp\/v2\/users\/1"}],"replies":[{"embeddable":true,"href":"https:\/\/poeles-chef-carlo.fr\/index.php\/wp-json\/wp\/v2\/comments?post=276"}],"version-history":[{"count":5,"href":"https:\/\/poeles-chef-carlo.fr\/index.php\/wp-json\/wp\/v2\/pages\/276\/revisions"}],"predecessor-version":[{"id":498,"href":"https:\/\/poeles-chef-carlo.fr\/index.php\/wp-json\/wp\/v2\/pages\/276\/revisions\/498"}],"wp:attachment":[{"href":"https:\/\/poeles-chef-carlo.fr\/index.php\/wp-json\/wp\/v2\/media?parent=276"}],"curies":[{"name":"wp","href":"https:\/\/api.w.org\/{rel}","templated":true}]}}