{"id":606,"date":"2025-04-08T11:57:21","date_gmt":"2025-04-08T09:57:21","guid":{"rendered":"https:\/\/poeles-chef-carlo.fr\/?post_type=product&#038;p=606"},"modified":"2026-03-18T12:21:20","modified_gmt":"2026-03-18T11:21:20","slug":"cocotte-355x25-cm","status":"publish","type":"product","link":"https:\/\/poeles-chef-carlo.fr\/index.php\/produit\/cocotte-355x25-cm\/","title":{"rendered":"Cocotte 3 en 1"},"content":{"rendered":"<h3>Mise en marche :<\/h3>\n<ul>\n<li>Prendre un chiffon imbib\u00e9 d&rsquo;huile d&rsquo;olive et le passer dans la marmite et le plat \u00e0 poisson. Ceci\u00a0permet de nourrir nos produits et de ne pas les brusquer avant la premi\u00e8re chauffe.<\/li>\n<\/ul>\n<h3>Important :<\/h3>\n<ul>\n<li>L&rsquo;usage d&rsquo;ustensiles m\u00e9talliques ou a angle vifs est a proscrire car ils peuvent endommager le fond cuisson. Nous vous conseillons d&rsquo;utiliser les spatules souples ou semi rigides \u00e0 angles arrondis, en mati\u00e8re synth\u00e9tique ou en bois. aucun produit ray\u00e9 ne sera \u00e9chang\u00e9.<\/li>\n<\/ul>\n","protected":false},"excerpt":{"rendered":"<h2 data-start=\"107\" data-end=\"163\">D\u00e9couvrez la nouvelle cocotte multifonction 3 en 1 en \u00c9dition limit\u00e9e !<\/h2>\n<h2>\u00d8 33,5 x 25 cm<\/h2>\n<p class=\"\" data-start=\"165\" data-end=\"266\"><span data-start=\"171\" data-end=\"188\">La <\/span><strong data-start=\"171\" data-end=\"188\">marmite ovale<\/strong> est id\u00e9ale pour r\u00f4tir vos viandes et faire gratiner vos pr\u00e9parations au four. En effet, le poulet du dimanche y trouvera merveilleusement bien sa place.<\/p>\n<p class=\"\" data-start=\"268\" data-end=\"402\">Elle est \u00e9galement compatible avec le gaz, les plaques de cuisson <strong data-start=\"334\" data-end=\"359\">y compris l\u2019induction<\/strong>, pour mijoter ou saisir tous vos aliments.<\/p>\n<p class=\"\" data-start=\"404\" data-end=\"625\"><strong data-start=\"404\" data-end=\"432\">Une cuisson en vase clos<\/strong> : son couvercle herm\u00e9tique favorise la condensation des vapeurs de cuisson, ce qui permet de concentrer les ar\u00f4mes et de sublimer les saveurs de vos plats. Le r\u00e9sultat ? Un go\u00fbt incomparable !<\/p>\n<p class=\"\" data-start=\"627\" data-end=\"795\">Ce dernier peut \u00e9galement \u00eatre utilis\u00e9 comme <strong data-start=\"674\" data-end=\"693\">plat de cuisson<\/strong>, parfait pour pr\u00e9parer poissons, grillades ou gratins, aussi bien sur le gaz, l\u2019induction qu\u2019au four.<\/p>\n<p class=\"\" data-start=\"797\" data-end=\"1015\">Enfin, un <strong data-start=\"807\" data-end=\"835\">couvercle en verre ovale<\/strong>, trait\u00e9 au saphir, est fourni avec un bouchon nouvelle g\u00e9n\u00e9ration con\u00e7u pour <strong data-start=\"913\" data-end=\"937\">d\u00e9poser vos spatules<\/strong> en toute praticit\u00e9. Il s\u2019adapte aussi bien \u00e0 la marmite qu\u2019au plat \u00e0 poisson.<\/p>\n<h3 data-start=\"797\" data-end=\"1015\"><\/h3>\n<h3 data-start=\"797\" data-end=\"1015\">CONTIENT :<\/h3>\n<ul>\n<li data-start=\"797\" data-end=\"1015\">Une marmite ovale<\/li>\n<li data-start=\"797\" data-end=\"1015\">Un plat \u00e0 poisson<\/li>\n<li data-start=\"797\" data-end=\"1015\">Un couvercle<\/li>\n<\/ul>\n","protected":false},"featured_media":669,"comment_status":"open","ping_status":"closed","template":"","meta":{"_et_pb_use_builder":"","_et_pb_old_content":"","_et_gb_content_width":""},"product_brand":[],"product_cat":[25],"product_tag":[],"class_list":{"0":"post-606","1":"product","2":"type-product","3":"status-publish","4":"has-post-thumbnail","6":"product_cat-poeles-chef-carlo","7":"product_shipping_class-produits-lourds","9":"first","10":"instock","11":"taxable","12":"shipping-taxable","13":"purchasable","14":"product-type-simple"},"_links":{"self":[{"href":"https:\/\/poeles-chef-carlo.fr\/index.php\/wp-json\/wp\/v2\/product\/606","targetHints":{"allow":["GET"]}}],"collection":[{"href":"https:\/\/poeles-chef-carlo.fr\/index.php\/wp-json\/wp\/v2\/product"}],"about":[{"href":"https:\/\/poeles-chef-carlo.fr\/index.php\/wp-json\/wp\/v2\/types\/product"}],"replies":[{"embeddable":true,"href":"https:\/\/poeles-chef-carlo.fr\/index.php\/wp-json\/wp\/v2\/comments?post=606"}],"wp:featuredmedia":[{"embeddable":true,"href":"https:\/\/poeles-chef-carlo.fr\/index.php\/wp-json\/wp\/v2\/media\/669"}],"wp:attachment":[{"href":"https:\/\/poeles-chef-carlo.fr\/index.php\/wp-json\/wp\/v2\/media?parent=606"}],"wp:term":[{"taxonomy":"product_brand","embeddable":true,"href":"https:\/\/poeles-chef-carlo.fr\/index.php\/wp-json\/wp\/v2\/product_brand?post=606"},{"taxonomy":"product_cat","embeddable":true,"href":"https:\/\/poeles-chef-carlo.fr\/index.php\/wp-json\/wp\/v2\/product_cat?post=606"},{"taxonomy":"product_tag","embeddable":true,"href":"https:\/\/poeles-chef-carlo.fr\/index.php\/wp-json\/wp\/v2\/product_tag?post=606"}],"curies":[{"name":"wp","href":"https:\/\/api.w.org\/{rel}","templated":true}]}}