{"id":933,"date":"2026-04-29T15:53:39","date_gmt":"2026-04-29T13:53:39","guid":{"rendered":"https:\/\/poeles-chef-carlo.fr\/?post_type=product&#038;p=933"},"modified":"2026-04-29T22:13:11","modified_gmt":"2026-04-29T20:13:11","slug":"cuillere-spatule-ustensiles-de-cuisine-professionnels-en-silicone","status":"publish","type":"product","link":"https:\/\/poeles-chef-carlo.fr\/index.php\/produit\/cuillere-spatule-ustensiles-de-cuisine-professionnels-en-silicone\/","title":{"rendered":"Cuill\u00e8re &#038; Spatule professionnelles en Silicone"},"content":{"rendered":"<p>Pourquoi choisir les ustensiles en silicone Chef Carlo ?<\/p>\n<p>\u2705 Respectent vos po\u00eales : \u2028Le silicone de haute qualit\u00e9 prot\u00e8ge parfaitement la surface anti-adh\u00e9sive du fond de cuisson. Id\u00e9al pour pr\u00e9server durablement vos ustensiles Chef Carlo.<br \/>\n\u2705 R\u00e9sistants \u00e0 la chaleur\u2028 : Con\u00e7us pour supporter les hautes temp\u00e9ratures, ces ustensiles restent performants m\u00eame en pleine cuisson.<br \/>\n\u2705 Souples et efficaces : \u2028La spatule permet de racler, retourner et m\u00e9langer facilement, tandis que la cuill\u00e8re est parfaite pour remuer sauces, p\u00e2tes, l\u00e9gumes ou pr\u00e9parations mijot\u00e9es.<br \/>\n\u2705 Hygi\u00e9niques et faciles \u00e0 nettoyer\u2028 : Le silicone alimentaire n\u2019absorbe ni odeurs ni couleurs. Nettoyage simple \u00e0 la main ou au lave-vaisselle.<br \/>\n\u2705 Design moderne et ergonomique : \u2028Leur finition rouge \u00e9l\u00e9gante apporte du caract\u00e8re \u00e0 votre cuisine, avec une prise en main agr\u00e9able pour cuisiner confortablement.<br \/>\nLe compagnon id\u00e9al de vos po\u00eales Chef Carlo.<br \/>\nPens\u00e9s pour fonctionner en parfaite harmonie avec les produits de la gamme Chef Carlo, ces ustensiles sont indispensables pour tirer le meilleur de vos \u00e9quipements culinaires.<\/p>\n","protected":false},"excerpt":{"rendered":"<p><strong>Set d\u2019ustensiles en silicone Chef Carlo &#8211; L\u2019alliance du Style et de la Performance\u00a0<\/strong><\/p>\n<p>Apportez une touche d\u2019\u00e9l\u00e9gance et d\u2018efficacit\u00e9 \u00e0 votre cuisine avec le set d\u2019ustensiles en silicone Chef Carlo, sp\u00e9cialement con\u00e7u pour accompagner vos po\u00eales, sauteuses et cocottes.<\/p>\n<p>Compos\u00e9 d\u2019une cuill\u00e8re de cuisine et d\u2019une spatule souple, ce duo indispensable vous permet de cuisiner au quotidien avec pr\u00e9cision, confort et sans abimer le fond de cuisson de nos ustensiles.<\/p>\n<p>&nbsp;<\/p>\n","protected":false},"featured_media":934,"comment_status":"open","ping_status":"closed","template":"","meta":{"_et_pb_use_builder":"","_et_pb_old_content":"","_et_gb_content_width":""},"product_brand":[],"product_cat":[15],"product_tag":[],"class_list":{"0":"post-933","1":"product","2":"type-product","3":"status-publish","4":"has-post-thumbnail","6":"product_cat-non-classe","7":"product_shipping_class-produits-legers","9":"first","10":"instock","11":"taxable","12":"shipping-taxable","13":"purchasable","14":"product-type-simple"},"_links":{"self":[{"href":"https:\/\/poeles-chef-carlo.fr\/index.php\/wp-json\/wp\/v2\/product\/933","targetHints":{"allow":["GET"]}}],"collection":[{"href":"https:\/\/poeles-chef-carlo.fr\/index.php\/wp-json\/wp\/v2\/product"}],"about":[{"href":"https:\/\/poeles-chef-carlo.fr\/index.php\/wp-json\/wp\/v2\/types\/product"}],"replies":[{"embeddable":true,"href":"https:\/\/poeles-chef-carlo.fr\/index.php\/wp-json\/wp\/v2\/comments?post=933"}],"wp:featuredmedia":[{"embeddable":true,"href":"https:\/\/poeles-chef-carlo.fr\/index.php\/wp-json\/wp\/v2\/media\/934"}],"wp:attachment":[{"href":"https:\/\/poeles-chef-carlo.fr\/index.php\/wp-json\/wp\/v2\/media?parent=933"}],"wp:term":[{"taxonomy":"product_brand","embeddable":true,"href":"https:\/\/poeles-chef-carlo.fr\/index.php\/wp-json\/wp\/v2\/product_brand?post=933"},{"taxonomy":"product_cat","embeddable":true,"href":"https:\/\/poeles-chef-carlo.fr\/index.php\/wp-json\/wp\/v2\/product_cat?post=933"},{"taxonomy":"product_tag","embeddable":true,"href":"https:\/\/poeles-chef-carlo.fr\/index.php\/wp-json\/wp\/v2\/product_tag?post=933"}],"curies":[{"name":"wp","href":"https:\/\/api.w.org\/{rel}","templated":true}]}}